*3 + w*u**4 + u. Give k(4).
0
Let h(l) = -l**2 + 0 + l**2 - 2*l**2 - 2. Let f(i) = -i**2 + i - 2. Let y(v) = -3*f(v) + 2*h(v). Give y(-4).
-2
Let m(l) = -9 + 0*l - 3*l**3 + l + 9*l**2 + 2*l**3 + 0*l**3. Calculate m(9).
0
Let d be (-12)/(-8) - 2/(-4). Suppose -3*g + d*g + 2 = 0. Let f(r) = r**3 - r**2 - r + 2. Calculate f(g).
4
Suppose -x - 12 = -4*x. Let c = 8 - 6. Let b(v) = v**c + 4*v - x*v + 3 - 7*v. Give b(5).
-7
Suppose 0 = -4*r + 3*r + 7. Let w(v) = v - 6. Determine w(r).
1
Let k(j) be the first derivative of j**4/12 - 2*j**3/3 + 5*j**2/2 + j - 5. Let i(n) be the first derivative of k(n). Calculate i(4).
5
Suppose 5*n = 2*t - 27, 4*t = -n - 3*n - 16. Let l = n + 7. Let y(i) = 1 - i**2 - 2*i**l - i**2 + 3*i**2 + 5*i. Determine y(6).
-5
Suppose 0 = q - 3*n + 14, 3*n + 30 = -3*q + 8*n. Let j(x) = -x + 4. Determine j(q).
9
Let s(w) be the first derivative of w**2/2 + 10*w - 3. Let k(d) = d. Let c be k(-5). Determine s(c).
5
Suppose -26 = 6*v + 16. Let d(q) = q**2 + 3*q + 10. Let j(w) = w**2 + 4*w + 9. Let k(t) = -4*d(t) + 5*j(t). Give k(v).
-2
Suppose l + l - 35 = -5*u, 3*u - 3*l - 42 = 0. Let w(g) = -g**2 + 7*g + 13. What is w(u)?
-5
Let z(w) = -w**2 + 3*w - 1. Let l = -4 - -8. Let p be z(l). Let m(g) = -g**3 - 6*g**2 - 4*g - 1. Calculate m(p).
-6
Let d(j) = -j + 4. Suppose 4*w - 2 = 3*i, 3*i - 5*w + 8 = 2*i. Suppose i*h = 4*h. Suppose h = -c + 3. What is d(c)?
1
Let b(z) = 8 + 3 + 2 - 12 + z. Let p(m) = -m**2 - 6*m - 6. Let o be p(-4). What is b(o)?
3
Let u = -7 - -10. Let d(z) = -12 + 6 + 2 + 3*z - 2*z - z**2. Calculate d(u).
-10
Let d(h) be the third derivative of -h**6/120 + h**5/20 - h**4/6 + h**3/2 - 5*h**2. What is d(3)?
-9
Let b(i) be the third derivative of i**8/20160 - i**7/1008 - i**6/720 - i**5/30 - 4*i**2. Let l(j) be the third derivative of b(j). Give l(5).
-1
Suppose -14 = 11*j - 4*j. Let p(q) be the second derivative of q**3/2 + q**2 - q. Calculate p(j).
-4
Let s(x) = 6*x. Let r(p) = p**2 - 6*p + 6. Let m be r(4). Let h = m + 1. Let v be -2 + 0/h - -3. What is s(v)?
6
Suppose 0*v + b - 33 = 5*v, -4*v - 33 = -3*b. Let h(k) = -k**2 - 13*k - 10. Let s(y) = y + 1. Let d(w) = -h(w) - 6*s(w). What is d(v)?
-2
Let j(t) = t**3 + t**2 + 2. Suppose -o = -5 + 15. Let c be (6 - 4)/(18/(-15) - -1). Let i = o - c. Calculate j(i).
2
Suppose -3*t + 0*t - 15 = -n, -t = -2*n. Let b(a) = a**2 + 7*a + 7. Calculate b(t).
1
Let b(k) = k + 5. Suppose -8*y - 21 = -3*y - 4*h, -22 = 4*y + 2*h. Calculate b(y).
0
Let z(p) = -10*p**2 + p**3 - 4*p**2 + 5 - 7*p + 3*p + 18*p**2. Give z(-5).
0
Let r = -1 - -1. Let n(m) = -3*m**3 - 4*m**2 + 3*m**2 - 1 + 2*m**3. Calculate n(r).
-1
Let k(q) = -9*q + 14. Let d(o) = 5*o - 7. Let v(p) = 11*d(p) + 6*k(p). Give v(-3).
4
Let v(g) be the second derivative of g**5/20 + g**4/3 - 5*g**3/6 + g**2 - 4*g. What is v(-5)?
2
Let b(p) = -5 + 2 + 3*p - 4*p. Calculate b(4).
-7
Let l(w) = -w + 0 + 0*w**2 + 0 - 1 - w**2. Let f(y) = y**3 + 3*y**2 - 2. Let o(s) = f(s) - l(s). Calculate o(-3).
5
Let w(x) = -x + 7. Suppose -21*o + 60 = -9*o. Give w(o).
2
Let p(k) = 5*k**3 - 4*k**2 + 7*k - 1. Let l(d) = -4*d**3 + 4*d**2 - 6*d + 1. Let n(w) = 4*l(w) + 3*p(w). What is n(4)?
-11
Let b(h) = 0*h**2 + h**2 + 2*h + 6 + h + h. Determine b(-4).
6
Let r(l) = -l**2 - l - 1. Let c(z) = -3*z**2 + 2*z + 3. Let y(q) = c(q) - r(q). Suppose 7*g = 2*g + 15. Let v be y(g). Let k(d) = -d - 4. What is k(v)?
1
Let q(g) = g**2 + 4*g + 4. Let s = 2 + -6. Let d be (-9)/6 + 6/s. Give q(d).
1
Let h(a) = -a - 8. Let o(n) = n + 7. Suppose s + s + 10 = 0. Let c be o(s). Suppose -4*j - j = -2*r + 28, 4*r - 8 = -c*j. Give h(j).
-4
Let d(v) = v**2 + v + 3. Let g be d(0). Let o(b) = 2*b**2 - 4. Give o(g).
14
Let f(h) be the second derivative of -h**4/12 + h**3/3 + 2*h**2 + 44*h. Let t = -8 - -5. Determine f(t).
-11
Let g = 6 + -3. Suppose 6*f + g = 3*h + f, -2*h - 20 = 4*f. Let i(v) = v**2 + 5*v + 1. Determine i(h).
-3
Suppose 3*l = -4*r + l, -5*l - 12 = 4*r. Suppose -r + 1 = -w. Let k(q) = 5*q - 1. Calculate k(w).
4
Let h(p) = -p**2 - 2*p. Let v(w) be the second derivative of w**4/12 - 11*w**3/6 + 7*w**2/2 + 4*w. Let o be v(10). Give h(o).
-3
Let w(l) = -8*l**2 - 3*l + 2*l**2 + 4*l. Let x = 6 + -2. Suppose x*f = -7 + 3. Calculate w(f).
-7
Let k(o) = -4*o**3 - o**2. Let f = 7 + 3. Let c be (-4)/(-10) + 6/f. Give k(c).
-5
Suppose -5 = 4*f - 29. Suppose n + 2*n - f = 0. Suppose 2*w + 22 = 4*q, -n*q - 1 = 3*w - 0*q. Let v(a) = a**3 + a**2 - 3*a. Calculate v(w).
-9
Let k(v) = 4*v - 1. Let h(a) = -8*a + 2. Let o(n) = -4*h(n) - 7*k(n). What is o(2)?
7
Let o(c) = 3*c**2 + 3*c + 1. Let i(j) = -2*j**2 - 2*j - 1. Let m(b) = -4*i(b) - 3*o(b). Let h = -407 - -409. Determine m(h).
-5
Let w be ((-8)/5)/((-1)/10). Suppose 0*n = -4*n - w. Let i(g) = -2*g - 5. What is i(n)?
3
Let l(b) = 0 + 3*b - 1 - 2*b. Let h(m) = -3*m + 3. Let q(a) = -3*h(a) - 6*l(a). Determine q(-3).
-12
Let i(o) be the second derivative of -1/12*o**4 + 0 + 1/3*o**3 + 0*o**2 - o. Give i(4).
-8
Let r(x) = x**3 - x**2 - 2*x + 1. Let i be 6/6 - (0 - 1). What is r(i)?
1
Let f(m) = -m - 6. Let n be (-90)/(-12)*(-4)/6. Determine f(n).
-1
Let y = 7 - 9. Let n(a) = a**2 + 4*a + 6. Let p(r) = 4*r**2 + 15*r + 24. Let m(v) = y*p(v) + 9*n(v). Give m(-6).
6
Let g be 33/(-6) - (-5)/10. Let b(d) = -d**3 - 4*d**2 + 4*d + 4. Calculate b(g).
9
Let v be 3/(-1 + (-7)/(-4)). Let m be 3*((-1)/1)/(-1). Let d(l) = 4*l**2 + 0*l**2 - l**3 + m - 3. Determine d(v).
0
Let d(a) = -3*a + 0*a**2 + 1 + a**3 - 8*a**2 + 6*a**2. Determine d(3).
1
Suppose 0 = 12*u - 14*u + 2. Let j(c) = 2*c**2. Determine j(u).
2
Let g = 13 - 6. Let o(l) = l**2 - 8*l + 9. Let t be o(g). Suppose -t = -2*n - 2*y, -5*n - 41 = -n - 5*y. Let s(k) = -2*k + 2. What is s(n)?
10
Let p(h) = -2*h + 1. Suppose 7*i + 8 = 3*i, 4*i = -2*o - 6. Determine p(o).
-1
Suppose -7 = -5*a + 8. Let n(l) = -l + l + a*l - l. Determine n(5).
10
Let l = -4 + 10. Suppose -l = 3*n - 33. Suppose -n*a + 4*a = 0. Let f(y) = -y - 2. Give f(a).
-2
Let j(o) = o**3 + 5*o**2 - 7*o - 8. Let p be ((-3)/6 - -1)*(-4 + -8). Give j(p).
-2
Let k(n) be the second derivative of -n**3/6 + 4*n**2 - 23*n. What is k(0)?
8
Suppose -11*a - a = -36. Let b(m) be the first derivative of -7*m - 1/2*m**2 - 1/3*m**a + 1. Calculate b(0).
-7
Let j be 1 + (-5)/10*4/(-1). Let v(t) = t - 2. Determine v(j).
1
Let w(v) = -v + 5. Let r be w(7). Let p(k) = -k - 2. Calculate p(r).
0
Let r(w) = 8*w - 11*w + 1 + 6*w. Let x(d) = -d + 5. Let a be x(6). What is r(a)?
-2
Let c(i) = -i**2 - 2. Suppose u - 2*j + 2 = 0, -6*u + 4*u - 5*j + 5 = 0. Determine c(u).
-2
Suppose 0*x + 8 = 4*x. Suppose -y + 5 = x. Let v(m) = -3*m + 1 + m + m. What is v(y)?
-2
Let x(c) be the second derivative of 0 - c**2 + 1/3*c**4 + 1/20*c**5 + 4*c - c**3. Give x(-5).
3
Let b(s) be the second derivative of s**4/12 + 13*s**3/6 + 15*s**2/2 - 2*s. Let w be b(-12). Let u(n) = -n**3 + 3*n**2 - 3*n + 1. Calculate u(w).
-8
Let a(r) = 2*r - 3. Let y(n) = -3*n + 1. Suppose f - 6 = 2*f. Let u = f - -5. Let q be y(u). Calculate a(q).
5
Let y(d) = d**2 + 7*d - 2. Let b be ((-3)/6)/(3/42). What is y(b)?
-2
Let w(h) = 11*h - 4. Let z(n) = -n + 1. Let t(s) = w(s) + 4*z(s). Determine t(3).
21
Let m(p) = -p**2 - 9*p - 3. Let n = -55 + 46. Give m(n).
-3
Let t(u) = u**2 - 3*u + 1. Let v = 18 + -15. Suppose -20 = -2*h - v*h. Determine t(h).
5
Let x(p) = 2 - 8*p - 8*p - 4*p**3 + 17*p + 3*p**3. Give x(-2).
8
Let n(c) = -c - 12. Suppose -s - 22 = 3*u, -5*s + 6 = u - 2*s. Give n(u).
-3
Let c(x) = x**3 + x + 1. Let k(m) = m**2 + 3*m + 2. Let p(t) = 3*c(t) - k(t). Suppose -2*i - 3*v + 0*v = 4, 2*v + 4 = 0. Determine p(i).
3
Let v = -4 + 7. Let l(s) = s**3 - 7*s**2 - 2*s + 8. Let k(d) = -d**3 + 8*d**2 + 3*d - 9. Let x(f) = 4*k(f) + 5*l(f). Determine x(v).
10
Let w be 43 + -2*(-4)/8. Let a(u) = -4 + 1 + w*u + 7 - 45*u. Give a(3).
1
Let z(v) = -v**3 - 5*v**2 - v + 2. Let c be z(-5). Let y(q) = -q**3 + 8*q**2 - 7*q + 4. What is y(c)?
4
Let d be 63/6*(-10)/(-15). Let p(b) = 1 + d*b**2 - 2*b - 8*b**2 + 3. Calculate p(-5).
-11
Let g(k) = k - 2. Let n(l) = l**2 + 5*l. Let c be n(-5). Suppose 0 = 2*i + 6, -3*y + 5*i = -c*y - 3. What is g(y)?
-6
Let t(k) = -k**3 - 6*k**2 - 5*k - 4. Suppose 0 = -4*r - 7 - 17. Let n be 2 - (1 - r/1). What is t(n)?
-4
Let b(a) = -a**2 - 8 + a**2 - a**2 + 0 - a**3. Calcu